{"id":1372,"date":"2023-10-22T01:29:16","date_gmt":"2023-10-22T01:29:16","guid":{"rendered":"https:\/\/refrielectricjp.com\/?post_type=product&#038;p=1372"},"modified":"2023-10-22T01:56:25","modified_gmt":"2023-10-22T01:56:25","slug":"samsung-lk55788989","status":"publish","type":"product","link":"https:\/\/refrielectricjp.com\/index.php\/producto\/samsung-lk55788989\/","title":{"rendered":"Samsung &#8211; lk55788989"},"content":{"rendered":"<p>Las caracter\u00edsticas de un aire acondicionado pueden variar seg\u00fan el modelo y la marca, pero aqu\u00ed tienes algunas caracter\u00edsticas comunes que puedes encontrar en un aire acondicionado cualquiera:<\/p>\n<p>1. **Capacidad de enfriamiento:** Indica la cantidad de calor que puede eliminar el aire acondicionado en un per\u00edodo de tiempo determinado y se mide en BTU (Unidades T\u00e9rmicas Brit\u00e1nicas).<\/p>\n<p>2. **Tipo de montaje:** Puede ser un equipo de ventana, un equipo de pared, un sistema de conductos o un equipo port\u00e1til.<\/p>\n<p>3. **Funciones de control:** Incluyen termostato digital, temporizador, control remoto y modos de operaci\u00f3n como enfriamiento, calefacci\u00f3n, ventilaci\u00f3n y deshumidificaci\u00f3n.<\/p>\n<p>4. **Eficiencia energ\u00e9tica:** Se expresa en un valor SEER (\u00cdndice de Eficiencia Energ\u00e9tica Estacional) que indica cu\u00e1n eficiente es el equipo en la refrigeraci\u00f3n.<\/p>\n<p>5. **Filtros:** Pueden ser de varios tipos, como filtros HEPA o de carb\u00f3n activado, para mejorar la calidad del aire y atrapar part\u00edculas de polvo y al\u00e9rgenos.<\/p>\n<p>6. **Nivel de ruido:** Se mide en decibeles (dB) y es importante para evitar molestias en el ambiente.<\/p>\n<p>7. **Funci\u00f3n de ahorro de energ\u00eda:** Ajusta autom\u00e1ticamente la temperatura para ahorrar energ\u00eda cuando no es necesario enfriar intensamente.<\/p>\n<p>8. **Distribuci\u00f3n del aire:** Puede contar con aspas m\u00f3viles o m\u00faltiples salidas para distribuir el aire de manera uniforme en el espacio.<\/p>\n<p>9. **Descongelamiento autom\u00e1tico:** Evita que el evaporador se congele en climas fr\u00edos.<\/p>\n<p>10. **Control de humedad:** Ayuda a mantener niveles \u00f3ptimos de humedad en el interior.<\/p>\n<p>11. **Autodiagn\u00f3stico:** Permite al aire acondicionado detectar problemas y mostrar c\u00f3digos de error para facilitar la resoluci\u00f3n de aver\u00edas.<\/p>\n<p>12. **Detecci\u00f3n de movimiento:** Algunos modelos pueden detectar la presencia de personas en la habitaci\u00f3n y ajustar la temperatura en consecuencia.<\/p>\n<p>Estas son algunas de las caracter\u00edsticas t\u00edpicas que puedes encontrar en un aire acondicionado. Es importante elegir un modelo que se adapte a tus necesidades y al espacio que deseas enfriar.<\/p>\n","protected":false},"excerpt":{"rendered":"<p>Las caracter\u00edsticas de un aire acondicionado pueden variar seg\u00fan el modelo y la marca, pero aqu\u00ed tienes algunas caracter\u00edsticas comunes que puedes encontrar en un aire acondicionado cualquiera: 1. **Capacidad de enfriamiento:** Indica la cantidad de calor que puede eliminar el aire acondicionado en un per\u00edodo de tiempo determinado y se mide en BTU (Unidades [&hellip;]<\/p>\n","protected":false},"featured_media":1373,"comment_status":"open","ping_status":"closed","template":"","meta":[],"product_brand":[],"product_cat":[20],"product_tag":[],"class_list":{"0":"post-1372","1":"product","2":"type-product","3":"status-publish","4":"has-post-thumbnail","6":"product_cat-sin-categorizar","8":"first","9":"instock","10":"shipping-taxable","11":"purchasable","12":"product-type-simple"},"_links":{"self":[{"href":"https:\/\/refrielectricjp.com\/index.php\/wp-json\/wp\/v2\/product\/1372","targetHints":{"allow":["GET"]}}],"collection":[{"href":"https:\/\/refrielectricjp.com\/index.php\/wp-json\/wp\/v2\/product"}],"about":[{"href":"https:\/\/refrielectricjp.com\/index.php\/wp-json\/wp\/v2\/types\/product"}],"replies":[{"embeddable":true,"href":"https:\/\/refrielectricjp.com\/index.php\/wp-json\/wp\/v2\/comments?post=1372"}],"version-history":[{"count":1,"href":"https:\/\/refrielectricjp.com\/index.php\/wp-json\/wp\/v2\/product\/1372\/revisions"}],"predecessor-version":[{"id":1374,"href":"https:\/\/refrielectricjp.com\/index.php\/wp-json\/wp\/v2\/product\/1372\/revisions\/1374"}],"wp:featuredmedia":[{"embeddable":true,"href":"https:\/\/refrielectricjp.com\/index.php\/wp-json\/wp\/v2\/media\/1373"}],"wp:attachment":[{"href":"https:\/\/refrielectricjp.com\/index.php\/wp-json\/wp\/v2\/media?parent=1372"}],"wp:term":[{"taxonomy":"product_brand","embeddable":true,"href":"https:\/\/refrielectricjp.com\/index.php\/wp-json\/wp\/v2\/product_brand?post=1372"},{"taxonomy":"product_cat","embeddable":true,"href":"https:\/\/refrielectricjp.com\/index.php\/wp-json\/wp\/v2\/product_cat?post=1372"},{"taxonomy":"product_tag","embeddable":true,"href":"https:\/\/refrielectricjp.com\/index.php\/wp-json\/wp\/v2\/product_tag?post=1372"}],"curies":[{"name":"wp","href":"https:\/\/api.w.org\/{rel}","templated":true}]}}